rs of 43066.
2, 61, 353
List the prime factors of 10108.
2, 7, 19
List the prime factors of 55669.
179, 311
List the prime factors of 54178.
2, 103, 263
What are the prime factors of 11054?
2, 5527
List the prime factors of 37321.
37321
List the prime factors of 8495.
5, 1699
List the prime factors of 3185.
5, 7, 13
List the prime factors of 2104.
2, 263
What are the prime factors of 100?
2, 5
List the prime factors of 7731.
3, 859
List the prime factors of 3490.
2, 5, 349
What are the prime factors of 245?
5, 7
List the prime factors of 16707.
3, 5569
List the prime factors of 12480.
2, 3, 5, 13
List the prime factors of 165630.
2, 3, 5, 5521
List the prime factors of 393.
3, 131
List the prime factors of 1441.
11, 131
What are the prime factors of 2399?
2399
List the prime factors of 532.
2, 7, 19
What are the prime factors of 16125?
3, 5, 43
What are the prime factors of 190301?
190301
List the prime factors of 81343.
81343
List the prime factors of 9289.
7, 1327
What are the prime factors of 64338?
2, 3, 10723
What are the prime factors of 339?
3, 113
What are the prime factors of 82853?
29, 2857
What are the prime factors of 522?
2, 3, 29
List the prime factors of 127.
127
What are the prime factors of 12890?
2, 5, 1289
List the prime factors of 1946.
2, 7, 139
List the prime factors of 124747.
7, 71, 251
What are the prime factors of 914?
2, 457
What are the prime factors of 5497?
23, 239
What are the prime factors of 18132?
2, 3, 1511
List the prime factors of 20687.
137, 151
What are the prime factors of 63?
3, 7
What are the prime factors of 1473?
3, 491
List the prime factors of 112868.
2, 7, 29, 139
What are the prime factors of 20842?
2, 17, 613
List the prime factors of 78624.
2, 3, 7, 13
What are the prime factors of 10276?
2, 7, 367
What are the prime factors of 1786?
2, 19, 47
List the prime factors of 2944.
2, 23
List the prime factors of 46026.
2, 3, 2557
List the prime factors of 83135.
5, 13, 1279
What are the prime factors of 66267?
3, 37, 199
What are the prime factors of 7618?
2, 13, 293
What are the prime factors of 54633?
3, 18211
What are the prime factors of 13189?
11, 109
List the prime factors of 7474.
2, 37, 101
What are the prime factors of 1247?
29, 43
What are the prime factors of 22?
2, 11
What are the prime factors of 1058?
2, 23
List the prime factors of 12197.
12197
What are the prime factors of 3186?
2, 3, 59
List the prime factors of 4754.
2, 2377
List the prime factors of 96149.
96149
List the prime factors of 2651.
11, 241
List the prime factors of 102.
2, 3, 17
What are the prime factors of 17765?
5, 11, 17, 19
List the prime factors of 65438.
2, 32719
List the prime factors of 1860.
2, 3, 5, 31
List the prime factors of 2681.
7, 383
What are the prime factors of 825?
3, 5, 11
List the prime factors of 79456.
2, 13, 191
List the prime factors of 4136.
2, 11, 47
List the prime factors of 82998.
2, 3, 29, 53
What are the prime factors of 3240?
2, 3, 5
What are the prime factors of 12584?
2, 11, 13
What are the prime factors of 20755?
5, 7, 593
List the prime factors of 10480.
2, 5, 131
What are the prime factors of 12270?
2, 3, 5, 409
What are the prime factors of 9950?
2, 5, 199
What are the prime factors of 764?
2, 191
What are the prime factors of 25606?
2, 7, 31, 59
List the prime factors of 8247.
3, 2749
What are the prime factors of 2664?
2, 3, 37
List the prime factors of 3042.
2, 3, 13
List the prime factors of 441.
3, 7
List the prime factors of 20358.
2, 3, 13, 29
List the prime factors of 2431.
11, 13, 17
List the prime factors of 1818.
2, 3, 101
What are the prime factors of 497?
7, 71
What are the prime factors of 2796?
2, 3, 233
List the prime factors of 14827.
14827
What are the prime factors of 945?
3, 5, 7
What are the prime factors of 8512?
2, 7, 19
What are the prime factors of 2265?
3, 5, 151
List the prime factors of 18529.
7, 2647
List the prime factors of 6617.
13, 509
What are the prime factors of 27397?
27397
What are the prime factors of 6935?
5, 19, 73
List the prime factors of 605.
5, 11
What are the prime factors of 876?
2, 3, 73
List the prime factors of 2327.
13, 179
What are the prime factors of 53800?
2, 5, 269
List the prime factors of 15637.
19, 823
What are the prime factors of 19983?
3, 6661
List the prime factors of 4571.
7, 653
List the prime factors of 58054.
2, 29027
What are the prime factors of 935?
5, 11, 17
What are the prime factors of 49682?
2, 24841
What are the prime factors of 4158?
2, 3, 7, 11
List the prime factors of 272.
2, 17
What are the prime factors of 449?
449
List the prime factors of 20375.
5, 163
List the prime factors of 551.
19, 29
What are the prime factors of 2396?
2, 599
List the prime factors of 1277.
1277
What are the prime factors of 18612?
2, 3, 11, 47
List the prime factors of 27983.
27983
What are the prime factors of 805?
5, 7, 23
List the prime factors of 54974.
2, 27487
What are the prime factors of 120507?
3, 40169
What are the prime factors of 868?
2, 7, 31
List the prime factors of 1264.
2, 79
What are the prime factors of 25660?
2, 5, 1283
What are the prime factors of 3355?
5, 11, 61
List the prime factors of 2185.
5, 19, 23
What are the prime factors of 6875?
5, 11
List the prime factors of 913.
11, 83
What are the prime factors of 20020?
2, 5, 7, 11, 13
What are the prime factors of 680?
2, 5, 17
List the prime factors of 22488.
2, 3, 937
List the prime factors of 947.
947
What are the prime factors of 6890?
2, 5, 13, 53
List the prime factors of 5966.
2, 19, 157
What are the prime factors of 48583?
19, 2557
What are the prime factors of 25865?
5, 7, 739
What are the prime factors of 1623?
3, 541
What are the prime factors of 7395?
3, 5, 17, 29
List the prime factors of 2037.
3, 7, 97
List the prime factors of 1421.
7, 29
List the prime factors of 35614.
2, 17807
List the prime factors of 492.
2, 3, 41
List the prime factors of 333.
3, 37
What are the prime factors of 99614?
2, 49807
What are the prime factors of 809?
809
What are the prime factors of 1971?
3, 73
What are the prime factors of 2023?
7, 17
List the prime factors of 25392.
2, 3, 23
List the prime factors of 17174.
2, 31, 277
What are the prime factors of 3432?
2, 3, 11, 13
What are the prime factors of 193104?
2, 3, 149
What are the prime factors of 98981?
98981
What are the prime factors of 85366?
2, 42683
What are the prime factors of 9553?
41, 233
What are the prime factors of 15392?
2, 13, 37
List the prime factors of 741.
3, 13, 19
List the prime factors of 6999.
3, 2333
List the prime factors of 1749.
3, 11, 53
What are the prime factors of 2881?
43, 67
List the prime factors of 472.
2, 59
What are the prime factors of 430?
2, 5, 43
List the prime factors of 54980.
2, 5, 2749
What are the prime factors of 25496?
2, 3187
List the prime factors of 101760.
2, 3, 5, 53
List the prime factors of 28591.
28591
List the prime factors of 59668.
2, 7, 2131
List the prime factors of 507.
3, 13
List the prime factors of 2631.
3, 877
What are the prime factors of 31873?
31873
What are the prime factors of 417?
3, 139
List the prime factors of 7492.
2, 1873
What are the prime factors of 14714?
2, 7, 1051
What are the prime factors of 20914?
2, 10457
List the prime factors of 24957.
3, 47, 59
List the prime factors of 3819.
3, 19, 67
What are the prime factors of 329?
7, 47
List the prime factors of 2226.
2, 3, 7, 53
List the prime factors of 2839.
17, 167
What are the prime factors of 14702?
2, 7351
What are the prime factors of 5586?
2, 3, 7, 19
What are the prime factors of 937?
937
What are the prime factors of 66173?
66173
List the prime factors of 105119.
7, 15017
What are the prime factors of 8818?
2, 4409
What are the prime factors of 110797?
101, 1097
What are the prime factors of 53589?
3, 17863
What are the prime factors of 21129?
3, 7043
List the prime factors of 5481.
3, 7, 29
What are the prime factors of 5394?
2, 3, 29, 31
What are the prime factors of 784?
2, 7
What are the prime factors of 6305?
5, 13, 97
List the prime factors of 22579.
67, 337
List the prime factors of 158027.
37, 4271
What are the prime factors of 53468?
2, 13367
List the prime factors of 6540.
2, 3, 5, 109
List the prime factors of 8395.
5, 23, 73
What are the prime factors o